15) to base 13.
14a8
Convert 133b (base 12) to base 11.
1727
Convert -10011000 (base 2) to base 7.
-305
Convert -1897 (base 13) to base 8.
-7131
What is -221000012 (base 3) in base 13?
-83b4
Convert 1186 (base 9) to base 8.
1570
Convert -12130 (base 9) to base 14.
-2d67
Convert 2131 (base 5) to base 13.
195
-15065 (base 7) to base 12
-24ab
Convert 224a1 (base 11) to base 16.
7f1b
What is -11214 (base 6) in base 7?
-4435
What is 2135 (base 7) in base 4?
23321
bb9 (base 15) to base 6
20133
1ad (base 16) to base 9
526
Convert -2a89 (base 15) to base 12.
-5349
Convert -1404 (base 9) to base 16.
-421
What is -90aa (base 13) in base 16?
-4dc9
6221 (base 10) to base 11
4746
Convert -6a5 (base 13) to base 10.
-1149
3b51 (base 15) to base 11
9584
Convert 6642 (base 9) to base 14.
1adc
Convert -124550 (base 6) to base 10.
-11442
Convert -11044 (base 11) to base 14.
-5ba4
Convert -147 (base 10) to base 3.
-12110
Convert 2120222022 (base 3) to base 4.
30131003
Convert 213 (base 7) to base 9.
130
Convert 43271 (base 9) to base 5.
1404112
Convert -1544 (base 6) to base 13.
-268
What is -1021 (base 6) in base 7?
-445
b4b (base 13) to base 5
30142
What is 33154 (base 8) in base 10?
13932
What is 85 (base 12) in base 5?
401
Convert 2100 (base 3) to base 14.
47
-3354 (base 12) to base 2
-1011000110000
1000101100 (base 2) to base 7
1423
13363 (base 11) to base 9
28134
What is -ba19 (base 12) in base 14?
-7661
What is 57a1 (base 14) in base 2?
11101110000001
Convert 6602 (base 8) to base 6.
24002
-120200201 (base 3) to base 5
-331230
12000 (base 4) to base 6
1440
What is 84 (base 16) in base 9?
156
-13420 (base 5) to base 3
-1112010
Convert -1471 (base 8) to base 7.
-2256
3b5 (base 15) to base 2
1101001101
Convert c75 (base 15) to base 11.
2125
What is 5604 (base 16) in base 4?
11120010
What is 62566 (base 8) in base 14?
9674
-412111 (base 5) to base 10
-13406
110110010110011 (base 2) to base 5
1342302
Convert 3200 (base 8) to base 14.
86c
Convert -3514 (base 6) to base 9.
-1131
What is -1835 (base 10) in base 16?
-72b
Convert -3b6 (base 13) to base 15.
-2db
Convert -73670 (base 9) to base 13.
-191c4
-3ab3 (base 16) to base 12
-8843
10000001101 (base 2) to base 14
541
What is -7e47 (base 15) in base 5?
-1324332
Convert 42982 (base 10) to base 3.
2011221221
What is a588 (base 13) in base 9?
34404
What is -504 (base 9) in base 11?
-342
6e7 (base 16) to base 6
12103
What is 133 (base 6) in base 13?
45
What is 4a5 (base 16) in base 12?
831
What is -10012 (base 4) in base 16?
-106
2b65 (base 12) to base 8
11775
-1536 (base 8) to base 4
-31132
-11011000 (base 3) to base 13
-14b8
What is -3eb5 (base 15) in base 11?
-a113
Convert -118 (base 11) to base 6.
-352
-3032310 (base 4) to base 9
-20136
Convert 2311240 (base 5) to base 2.
1010000111100101
Convert -267 (base 14) to base 10.
-483
-dc1 (base 15) to base 14
-11bc
What is 36b (base 14) in base 6?
3055
410 (base 15) to base 14
495
Convert -1671 (base 8) to base 16.
-3b9
What is -7671 (base 16) in base 5?
-1432241
What is -11000 (base 2) in base 13?
-1b
-2f1 (base 16) to base 10
-753
1001 (base 5) to base 15
86
What is 1ef (base 16) in base 3?
200100
255210 (base 6) to base 13
a72b
What is -b571 (base 13) in base 3?
-1021102210
-1101 (base 4) to base 15
-56
What is -17cc9 (base 13) in base 4?
-23100311
-1856 (base 10) to base 15
-83b
What is -131 (base 4) in base 5?
-104
6769 (base 12) to base 3
120201100
What is 1229 (base 11) in base 13?
965
What is 101100 (base 2) in base 13?
35
34e (base 15) to base 14
3b7
Convert -99b (base 12) to base 8.
-2607
What is -1491 (base 12) in base 15?
-aad
What is -100201 (base 3) in base 6?
-1114
What is -100212 (base 8) in base 5?
-2023111
25416 (base 7) to base 6
51050
What is -5dd (base 15) in base 5?
-20313
-12b4 (base 12) to base 7
-6163
3222 (base 5) to base 6
2005
What is 113855 (base 9) in base 4?
100232033
Convert -1111001101001 (base 2) to base 13.
-370b
-4343 (base 6) to base 12
-6b3
Convert 2050 (base 7) to base 13.
436
3344300 (base 5) to base 11
40632
Convert -1f6 (base 16) to base 10.
-502
Convert -8974 (base 12) to base 3.
-202212021
What is -440 (base 8) in base 2?
-100100000
Convert -7331 (base 9) to base 8.
-12376
Convert 200333 (base 4) to base 14.
aab
-1060 (base 7) to base 6
-1441
201 (base 15) to base 4
13003
Convert 112231 (base 6) to base 13.
44a1
Convert -1121000 (base 4) to base 6.
-42212
What is 554 (base 6) in base 9?
257
Convert 10101110111011 (base 2) to base 8.
25673
Convert -1385 (base 15) to base 7.
-15113
-9d73 (base 15) to base 16
-8280
Convert -770 (base 16) to base 2.
-11101110000
-15 (base 16) to base 6
-33
What is 358 (base 13) in base 4?
21010
What is 211 (base 5) in base 6?
132
Convert -5cb4 (base 13) to base 2.
-11001101101000
Convert -12101310 (base 4) to base 15.
-7946
What is -11074 (base 9) in base 8?
-16275
What is c84 (base 16) in base 13?
15c6
What is -211012 (base 3) in base 15?
-29e
What is 111010110000111 (base 2) in base 6?
351143
51622 (base 7) to base 16
3172
-10120122 (base 3) to base 10
-2609
3011133 (base 4) to base 10
12639
-831 (base 9) to base 6
-3044
-223541 (base 6) to base 9
-28047
What is -35362 (base 7) in base 12?
-5331
What is -30112 (base 4) in base 16?
-316
Convert 1110010110000 (base 2) to base 4.
1302300
Convert 1a807 (base 12) to base 3.
1222201221
What is 11000100100101 (base 2) in base 15?
3adb
-1401044 (base 5) to base 12
-14442
5590 (base 14) to base 4
3213222
Convert 401 (base 5) to base 13.
7a
What is -57ad (base 15) in base 8?
-44265
What is -1010011202 (base 3) in base 6?
-245502
-111310 (base 4) to base 13
-835
Convert 1001100110011111 (base 2) to base 8.
114637
What is -3d2d (base 14) in base 16?
-2a45
What is 43607 (base 9) in base 4?
13003330
What is 5517 (base 11) in base 2?
1110001101110
Convert 62194 (base 11) to base 8.
261154
Convert -5250 (base 14) to base 5.
-423212
Convert 2210404 (base 5) to base 11.
267a4
5513 (base 15) to base 11
125a0
Convert -c7 (base 14) to base 16.
-af
What is -422 (base 10) in base 2?
-110100110
2100110 (base 3) to base 8
3261
What is 748 (base 11) in base 4?
32003
Convert -111775 (base 8) to base 4.
-21033331
What is 10504 (base 7) in base 10?
2650
Convert 1722 (base 11) to base 13.
1005
Convert -11001211 (base 3) to base 14.
-111b
Convert 135 (base 15) to base 3.
101012
Convert -204634 (base 7) to base 13.
-130ba
Convert -6475 (base 8) to base 4.
-310331
Convert -30213 (base 4) to base 14.
-419
Convert -29227 (base 11) to base 3.
-2002222020
Convert 12102 (base 4) to base 16.
192
1208 (base 11) to base 3
2011120
What is -104124 (base 5) in base 16?
-e50
What is 5da (base 14) in base 9?
1542
What is 100 (base 8) in base 6?
144
Convert 716 (base 15) to base 12.
b10
-21101211 (base 3) to base 11
-4065
What is 43 (base 11) in base 4?
233
Convert -110110111 (base 2) to base 11.
-36a
Convert 5121 (base 6) to base 9.
1484
Convert -541 (base 6) to base 8.
-315
Convert -1e47 (base 16) to base 10.
-7751
What is 1064 (base 11) in base 4?
111321
What is 8 (base 9) in base 7?
11
What is -21123302 (base 4) in base 8?
-113362
Convert -2100111220 (base 3) to base 2.
-1011010011011110
What is -175 (base 10) in base 12?
-127
Convert -1011111 (base 3) to base 4.
-31102
What is 13201 (base 6) in base 3?
2202201
1110000 (base 2) to base 14
80
10111000001 (base 2) to base 14
773
What is -13b58 (base 12) in base 15?
-8282
Convert 10101101 (base 2) to base 5.
1143
Convert 6 (base 14) to base 8.
6
Convert -2246 (base 10) to base 5.
-32441
10100111001000 (base 2) to base 7
43120
What is a16 (base 15) in base 13?
1059
14a1 (base 13) to base 11
2291
What is 23b (base 16) in base 4?
20323
What is -d5c (base 15) in base 6?
-21540
Convert 1036 (base 7) to base 6.
1414
Convert 33331 (base 5) to base 2.
100100100101
What is -30333 (base 6) in base 7?
-14466
Convert -985 (base 12) to base 16.
-575
Convert 6800 (base 9) to base 2.
1001110011110
Convert -4270 (base 9) to base 14.
-1205
What is -634 (base 8) in base 6?
-1524
Convert 21332 (base 5) to base 8.
2673
Convert 10f (base 16) to base 9.
331
What is -1003 (base 9) in base 2?
-1011011100
Convert -2a3 (base 13) to base 3.
-122110
What is -11241 (base 6) in base 7?
-4456
Convert -131 (base 6) to base 15.
-3a
What is -5740 (base 13) in base 7?
